{"id":417,"date":"2026-04-04T11:30:44","date_gmt":"2026-04-04T11:30:44","guid":{"rendered":"https:\/\/cbmusik.de\/?page_id=417"},"modified":"2026-04-04T11:30:44","modified_gmt":"2026-04-04T11:30:44","slug":"pianist-fuer-firmenevents","status":"publish","type":"page","link":"https:\/\/cbmusik.de\/index.php\/pianist-fuer-firmenevents\/","title":{"rendered":"Pianist f\u00fcr Firmenevents"},"content":{"rendered":"\n<h2 class=\"wp-block-heading\">Backgroundpianist f\u00fcr Messestand, Empfang, Pr\u00e4sentation, Gala \u2026\u00a0<\/h2>\n\n\n\n<div class=\"wp-block-columns is-layout-flex wp-container-core-columns-is-layout-9d6595d7 wp-block-columns-is-layout-flex\">\n<div class=\"wp-block-column is-layout-flow wp-block-column-is-layout-flow\" style=\"flex-basis:25%\"><\/div>\n\n\n\n<div class=\"wp-block-column is-layout-flow wp-block-column-is-layout-flow\" style=\"flex-basis:50%\">\n<ul class=\"wp-block-list\">\n<li><strong>Professionelle Klavier-Hintergrundmusik f\u00fcr das gehobene Ambiente bei Firmenevents\u00a0<\/strong><\/li>\n\n\n\n<li><strong>Je nach Bedarf in diversen Stilrichtungen\u00a0<\/strong><\/li>\n\n\n\n<li><strong>Besondere Titel nach Wunsch flexibel m\u00f6glich\u00a0<\/strong><\/li>\n\n\n\n<li><strong>Gerne begleite ich auch andere K\u00fcnstler bei Einlagen.<\/strong><\/li>\n\n\n\n<li><strong>Spiele auf vorhandenem Instrument oder eigenem mitgebrachten Equipment<\/strong><\/li>\n\n\n\n<li><strong>Dresscode f\u00fcr die Garderobe von fein bis leg\u00e8re flexibel absprechbar\u00a0<\/strong><\/li>\n<\/ul>\n<\/div>\n\n\n\n<div class=\"wp-block-column is-layout-flow wp-block-column-is-layout-flow\" style=\"flex-basis:25%\"><\/div>\n<\/div>\n\n\n\n<h2 class=\"wp-block-heading\">Professionelle Vorbereitung und Abstimmung\u00a0<\/h2>\n\n\n\n<p>Sie m\u00f6chten gerne einen <strong>professionellen Pianisten f\u00fcr Ihr Event<\/strong> engagieren? F\u00fcr <strong>stilvolle Ambientemusik <\/strong>auf dem <strong>Messestand, beim Firmenfest, Empfang oder Tag der offenen T\u00fcr?<\/strong>&nbsp;<\/p>\n\n\n\n<p>Gerne stehe ich f\u00fcr eine <strong>detailgenauen Abstimmung<\/strong> bereit. Ob bestimmte Titel oder Stilrichtungen, das Musikprogramm kann ich f\u00fcr Sie individuell anpassen. Ein umfangreiches <strong>Repertoire von Pop, Filmmusik, Jazz bis Klassik<\/strong> geh\u00f6rt ohnehin zur Basis meines Programmangebots. Zudem kann ich in der Regel <strong>auch kurzfristig bestimmte Titel<\/strong> vorbereiten und mit ins Programm nehmen. &nbsp;<\/p>\n\n\n\n<p>Meine jahrzehntelange Erfahrung als Backgroundpianist hat oft gezeigt, dass es in aller Regel bestens funktioniert, wenn ich mit meinem eigenen Gesp\u00fcr f\u00fcr das jeweils passende Repertoire an den Tasten den <strong>dezenten, einf\u00fchlsamen Klangteppich<\/strong> f\u00fcr das gehobene Ambiente liefere. Hierbei spielt nicht zuletzt das <strong>sensible Fingerspitzengef\u00fchl f\u00fcr angenehme Lautst\u00e4rke<\/strong> eine entscheidende Rolle. &nbsp;<\/p>\n\n\n\n<p>Die Demobeispiele spiegeln nur einen kleinen Teil meines Repertoires wider.&nbsp;<\/p>\n\n\n\n<h2 class=\"wp-block-heading\">Auftritte<\/h2>\n\n\n\n<p>Als Backgroundpianist habe ich bereits auf zahlreichen Firmenevents den musikalischen \u201eTeppich\u201c ausgerollt. Dabei waren die Anl\u00e4sse so unterschiedlich wie die Abl\u00e4ufe. <strong>Flexibel passe ich mich den jeweiligen Umst\u00e4nden und Umgebungen an.<\/strong>\u00a0<\/p>\n\n\n\n<h2 class=\"wp-block-heading\"><strong>Preise<\/strong><\/h2>\n\n\n\n<p>Die <strong>Kalkulation eines Angebots<\/strong> h\u00e4ngt von verschiedenen Variablen ab. <strong>Zeitlicher Rahmen, technischer Aufwand, An- und R\u00fcckfahrt, Spesen, ggf. \u00dcbernachtung<\/strong> \u2026 Am besten wir sprechen dazu miteinander. Einen <strong>pauschalen Einheitspreis gibt es entsprechend den variablen Kosten nicht.<\/strong><\/p>\n\n\n\n<div class=\"wp-block-columns is-layout-flex wp-container-core-columns-is-layout-9d6595d7 wp-block-columns-is-layout-flex\">\n<div class=\"wp-block-column is-layout-flow wp-block-column-is-layout-flow\" style=\"flex-basis:25%\"><\/div>\n\n\n\n<div class=\"wp-block-column is-layout-flow wp-block-column-is-layout-flow\" style=\"flex-basis:50%\">\n<div class=\"wp-block-cover is-light\"><span aria-hidden=\"true\" class=\"wp-block-cover__background has-yellow-background-color has-background-dim-100 has-background-dim\"><\/span><div class=\"wp-block-cover__inner-container is-layout-constrained wp-block-cover-is-layout-constrained\">\n<h3 class=\"wp-block-heading has-text-align-center has-large-font-size\">Kontakt<\/h3>\n\n\n\n<p class=\"wp-block-cover-round\"><br>Telefonisch k\u00f6nnen Sie mich unter <strong>0170 \u2013 290 917 3<\/strong> jederzeit gerne kontaktieren oder sich \u00fcber das <a href=\"https:\/\/cbmusik.de\/#buchen\">Kontaktformular<\/a> melden und Ihre Telefonnummer hinterlassen. Dann ruf ich Sie zeitnah zur\u00fcck.\u00a0<\/p>\n<\/div><\/div>\n<\/div>\n\n\n\n<div class=\"wp-block-column is-layout-flow wp-block-column-is-layout-flow\" style=\"flex-basis:25%\"><\/div>\n<\/div>\n","protected":false},"excerpt":{"rendered":"<p>Backgroundpianist f\u00fcr Messestand, Empfang, Pr\u00e4sentation, Gala \u2026\u00a0 Professionelle Vorbereitung und Abstimmung\u00a0 Sie m\u00f6chten gerne einen professionellen Pianisten f\u00fcr Ihr Event<\/p>\n<p><a href=\"https:\/\/cbmusik.de\/index.php\/pianist-fuer-firmenevents\/\" class=\"more-link\">Continue reading<span class=\"screen-reader-text\">Pianist f\u00fcr Firmenevents<\/span><\/a><\/p>\n","protected":false},"author":1,"featured_media":0,"parent":0,"menu_order":0,"comment_status":"closed","ping_status":"closed","template":"","meta":{"footnotes":""},"class_list":["post-417","page","type-page","status-publish","hentry"],"yoast_head":"<!-- This site is optimized with the Yoast SEO plugin v27.3 - https:\/\/yoast.com\/product\/yoast-seo-wordpress\/ -->\n<title>Pianist f\u00fcr Firmenevents - cbmusik<\/title>\n<meta name=\"robots\" content=\"index, follow, max-snippet:-1, max-image-preview:large, max-video-preview:-1\" \/>\n<link rel=\"canonical\" href=\"https:\/\/cbmusik.de\/index.php\/pianist-fuer-firmenevents\/\" \/>\n<meta property=\"og:locale\" content=\"de_DE\" \/>\n<meta property=\"og:type\" content=\"article\" \/>\n<meta property=\"og:title\" content=\"Pianist f\u00fcr Firmenevents - cbmusik\" \/>\n<meta property=\"og:description\" content=\"Backgroundpianist f\u00fcr Messestand, Empfang, Pr\u00e4sentation, Gala \u2026\u00a0 Professionelle Vorbereitung und Abstimmung\u00a0 Sie m\u00f6chten gerne einen professionellen Pianisten f\u00fcr Ihr EventContinue readingPianist f\u00fcr Firmenevents\" \/>\n<meta property=\"og:url\" content=\"https:\/\/cbmusik.de\/index.php\/pianist-fuer-firmenevents\/\" \/>\n<meta property=\"og:site_name\" content=\"cbmusik\" \/>\n<meta name=\"twitter:card\" content=\"summary_large_image\" \/>\n<meta name=\"twitter:label1\" content=\"Gesch\u00e4tzte Lesezeit\" \/>\n\t<meta name=\"twitter:data1\" content=\"2\u00a0Minuten\" \/>\n<script type=\"application\/ld+json\" class=\"yoast-schema-graph\">{\"@context\":\"https:\\\/\\\/schema.org\",\"@graph\":[{\"@type\":\"WebPage\",\"@id\":\"https:\\\/\\\/cbmusik.de\\\/index.php\\\/pianist-fuer-firmenevents\\\/\",\"url\":\"https:\\\/\\\/cbmusik.de\\\/index.php\\\/pianist-fuer-firmenevents\\\/\",\"name\":\"Pianist f\u00fcr Firmenevents - cbmusik\",\"isPartOf\":{\"@id\":\"https:\\\/\\\/cbmusik.de\\\/#website\"},\"datePublished\":\"2026-04-04T11:30:44+00:00\",\"breadcrumb\":{\"@id\":\"https:\\\/\\\/cbmusik.de\\\/index.php\\\/pianist-fuer-firmenevents\\\/#breadcrumb\"},\"inLanguage\":\"de\",\"potentialAction\":[{\"@type\":\"ReadAction\",\"target\":[\"https:\\\/\\\/cbmusik.de\\\/index.php\\\/pianist-fuer-firmenevents\\\/\"]}]},{\"@type\":\"BreadcrumbList\",\"@id\":\"https:\\\/\\\/cbmusik.de\\\/index.php\\\/pianist-fuer-firmenevents\\\/#breadcrumb\",\"itemListElement\":[{\"@type\":\"ListItem\",\"position\":1,\"name\":\"Startseite\",\"item\":\"https:\\\/\\\/cbmusik.de\\\/\"},{\"@type\":\"ListItem\",\"position\":2,\"name\":\"Pianist f\u00fcr Firmenevents\"}]},{\"@type\":\"WebSite\",\"@id\":\"https:\\\/\\\/cbmusik.de\\\/#website\",\"url\":\"https:\\\/\\\/cbmusik.de\\\/\",\"name\":\"cbmusik\",\"description\":\"Pianist, Arrangeur, Komponist\",\"potentialAction\":[{\"@type\":\"SearchAction\",\"target\":{\"@type\":\"EntryPoint\",\"urlTemplate\":\"https:\\\/\\\/cbmusik.de\\\/?s={search_term_string}\"},\"query-input\":{\"@type\":\"PropertyValueSpecification\",\"valueRequired\":true,\"valueName\":\"search_term_string\"}}],\"inLanguage\":\"de\"}]}<\/script>\n<!-- \/ Yoast SEO plugin. -->","yoast_head_json":{"title":"Pianist f\u00fcr Firmenevents - cbmusik","robots":{"index":"index","follow":"follow","max-snippet":"max-snippet:-1","max-image-preview":"max-image-preview:large","max-video-preview":"max-video-preview:-1"},"canonical":"https:\/\/cbmusik.de\/index.php\/pianist-fuer-firmenevents\/","og_locale":"de_DE","og_type":"article","og_title":"Pianist f\u00fcr Firmenevents - cbmusik","og_description":"Backgroundpianist f\u00fcr Messestand, Empfang, Pr\u00e4sentation, Gala \u2026\u00a0 Professionelle Vorbereitung und Abstimmung\u00a0 Sie m\u00f6chten gerne einen professionellen Pianisten f\u00fcr Ihr EventContinue readingPianist f\u00fcr Firmenevents","og_url":"https:\/\/cbmusik.de\/index.php\/pianist-fuer-firmenevents\/","og_site_name":"cbmusik","twitter_card":"summary_large_image","twitter_misc":{"Gesch\u00e4tzte Lesezeit":"2\u00a0Minuten"},"schema":{"@context":"https:\/\/schema.org","@graph":[{"@type":"WebPage","@id":"https:\/\/cbmusik.de\/index.php\/pianist-fuer-firmenevents\/","url":"https:\/\/cbmusik.de\/index.php\/pianist-fuer-firmenevents\/","name":"Pianist f\u00fcr Firmenevents - cbmusik","isPartOf":{"@id":"https:\/\/cbmusik.de\/#website"},"datePublished":"2026-04-04T11:30:44+00:00","breadcrumb":{"@id":"https:\/\/cbmusik.de\/index.php\/pianist-fuer-firmenevents\/#breadcrumb"},"inLanguage":"de","potentialAction":[{"@type":"ReadAction","target":["https:\/\/cbmusik.de\/index.php\/pianist-fuer-firmenevents\/"]}]},{"@type":"BreadcrumbList","@id":"https:\/\/cbmusik.de\/index.php\/pianist-fuer-firmenevents\/#breadcrumb","itemListElement":[{"@type":"ListItem","position":1,"name":"Startseite","item":"https:\/\/cbmusik.de\/"},{"@type":"ListItem","position":2,"name":"Pianist f\u00fcr Firmenevents"}]},{"@type":"WebSite","@id":"https:\/\/cbmusik.de\/#website","url":"https:\/\/cbmusik.de\/","name":"cbmusik","description":"Pianist, Arrangeur, Komponist","potentialAction":[{"@type":"SearchAction","target":{"@type":"EntryPoint","urlTemplate":"https:\/\/cbmusik.de\/?s={search_term_string}"},"query-input":{"@type":"PropertyValueSpecification","valueRequired":true,"valueName":"search_term_string"}}],"inLanguage":"de"}]}},"_links":{"self":[{"href":"https:\/\/cbmusik.de\/index.php\/wp-json\/wp\/v2\/pages\/417","targetHints":{"allow":["GET"]}}],"collection":[{"href":"https:\/\/cbmusik.de\/index.php\/wp-json\/wp\/v2\/pages"}],"about":[{"href":"https:\/\/cbmusik.de\/index.php\/wp-json\/wp\/v2\/types\/page"}],"author":[{"embeddable":true,"href":"https:\/\/cbmusik.de\/index.php\/wp-json\/wp\/v2\/users\/1"}],"replies":[{"embeddable":true,"href":"https:\/\/cbmusik.de\/index.php\/wp-json\/wp\/v2\/comments?post=417"}],"version-history":[{"count":1,"href":"https:\/\/cbmusik.de\/index.php\/wp-json\/wp\/v2\/pages\/417\/revisions"}],"predecessor-version":[{"id":418,"href":"https:\/\/cbmusik.de\/index.php\/wp-json\/wp\/v2\/pages\/417\/revisions\/418"}],"wp:attachment":[{"href":"https:\/\/cbmusik.de\/index.php\/wp-json\/wp\/v2\/media?parent=417"}],"curies":[{"name":"wp","href":"https:\/\/api.w.org\/{rel}","templated":true}]}}