{"id":406,"date":"2026-04-04T11:17:11","date_gmt":"2026-04-04T11:17:11","guid":{"rendered":"https:\/\/cbmusik.de\/?page_id=406"},"modified":"2026-04-04T11:20:30","modified_gmt":"2026-04-04T11:20:30","slug":"preisinfo","status":"publish","type":"page","link":"https:\/\/cbmusik.de\/index.php\/preisinfo\/","title":{"rendered":"Preisinfo"},"content":{"rendered":"\n<h2 class=\"wp-block-heading\">Der Pianist Christoph Berghorn kostet \u2026<\/h2>\n\n\n\n<p><br>Je nach <strong>Zeitrahmen, Entfernung<\/strong> und <strong>Aufwand<\/strong> ergibt sich der konkrete Preis eines Engagements. Ich verstehe mich dabei <strong>nicht als Konzertpianist, <\/strong>sondern als <strong>Pianist f\u00fcr elegante Begleitmusik,<\/strong> <strong>Hintergrundmusik,<\/strong> manche nennen es auch Bar- oder Loungemusik. &nbsp;<\/p>\n\n\n\n<p><strong>Stundenpreis &amp; Zeitrahmen&nbsp;<\/strong><\/p>\n\n\n\n<p><strong>Die erste Stunde,<\/strong> ab der ich spielen soll oder spielbereit vor Ort sein soll, kostet immer <strong>250 Euro all inclusive. <\/strong>Darin enthalten sind die Vorbereitung f\u00fcr den Auftritt, die Anfahrt und R\u00fcckfahrt sowie ggf. zwei Wunschtitel, die gespielt werden sollen und die ich ggf. eigens f\u00fcr die Veranstaltung vorbereite. <strong>Jede weitere Stunde 100 Euro.<\/strong><\/p>\n\n\n\n<p><strong>Entfernung<\/strong><\/p>\n\n\n\n<p>Wenn Ihre Veranstaltung innerhalb von 20 km rund um Bocholt stattfindet, sind An- und R\u00fcckfahrt beim Gesamtpreis inklusive. F\u00fcr jeden weiteren angefangenen 20-km-Umkreis kommen 50 Euro f\u00fcr Fahrtkosten\/BenzinAnfahrtszeit hinzu. Bei 50 km w\u00e4ren dies beispielsweise 100 Euro.&nbsp;<\/p>\n\n\n\n<p><strong>Aufwand\/Technik<\/strong><\/p>\n\n\n\n<p>F\u00fcr das Mitbringen und Aufbauen von Digitalpiano und Tonanlage kommen pauschal 100 Euro hinzu. &nbsp;<\/p>\n\n\n\n<p><strong>Angebot<\/strong><\/p>\n\n\n\n<p>Gerne schicke ich Ihnen ein konkretes Angebot, wenn Sie mir die Eckdaten Ihrer Planung f\u00fcr Klavier-Livemusik bei Ihrer Veranstaltung mit dem Formular hier unten zuschicken. Auf eine schnelle Antwort k\u00f6nnen Sie z\u00e4hlen. &nbsp;<\/p>\n\n\n\n<div class=\"wp-block-columns is-layout-flex wp-container-core-columns-is-layout-9d6595d7 wp-block-columns-is-layout-flex\">\n<div class=\"wp-block-column is-layout-flow wp-block-column-is-layout-flow\" style=\"flex-basis:25%\"><\/div>\n\n\n\n<div class=\"wp-block-column is-layout-flow wp-block-column-is-layout-flow\" style=\"flex-basis:50%\">\n<div class=\"wp-block-cover is-light  wp-block-cover-round\"><span aria-hidden=\"true\" class=\"wp-block-cover__background has-yellow-background-color has-background-dim-100 has-background-dim\"><\/span><div class=\"wp-block-cover__inner-container is-layout-constrained wp-block-cover-is-layout-constrained\">\n<p class=\"has-text-align-center has-large-font-size\"><strong>Anruf? Gerne!<\/strong><\/p>\n\n\n\n<p>Sie k\u00f6nnen mich nat\u00fcrlich auch direkt anrufen unter <strong>0170-290 917 3<\/strong> oder Ihre Telefonnummer mit dem <a href=\"https:\/\/cbmusik.de\/#buchen\">Formular<\/a> schicken. Dann telefonieren wir gerne kurzfristig, was manchmal schneller zum Ziel f\u00fchrt. Freue mich auf Ihre Anfrage!\u00a0<\/p>\n<\/div><\/div>\n<\/div>\n\n\n\n<div class=\"wp-block-column is-layout-flow wp-block-column-is-layout-flow\" style=\"flex-basis:25%\"><\/div>\n<\/div>\n","protected":false},"excerpt":{"rendered":"<p>Der Pianist Christoph Berghorn kostet \u2026 Je nach Zeitrahmen, Entfernung und Aufwand ergibt sich der konkrete Preis eines Engagements. Ich<\/p>\n<p><a href=\"https:\/\/cbmusik.de\/index.php\/preisinfo\/\" class=\"more-link\">Continue reading<span class=\"screen-reader-text\">Preisinfo<\/span><\/a><\/p>\n","protected":false},"author":1,"featured_media":0,"parent":0,"menu_order":0,"comment_status":"closed","ping_status":"closed","template":"","meta":{"footnotes":""},"class_list":["post-406","page","type-page","status-publish","hentry"],"yoast_head":"<!-- This site is optimized with the Yoast SEO plugin v27.3 - https:\/\/yoast.com\/product\/yoast-seo-wordpress\/ -->\n<title>Preisinfo - cbmusik<\/title>\n<meta name=\"robots\" content=\"index, follow, max-snippet:-1, max-image-preview:large, max-video-preview:-1\" \/>\n<link rel=\"canonical\" href=\"https:\/\/cbmusik.de\/index.php\/preisinfo\/\" \/>\n<meta property=\"og:locale\" content=\"de_DE\" \/>\n<meta property=\"og:type\" content=\"article\" \/>\n<meta property=\"og:title\" content=\"Preisinfo - cbmusik\" \/>\n<meta property=\"og:description\" content=\"Der Pianist Christoph Berghorn kostet \u2026 Je nach Zeitrahmen, Entfernung und Aufwand ergibt sich der konkrete Preis eines Engagements. IchContinue readingPreisinfo\" \/>\n<meta property=\"og:url\" content=\"https:\/\/cbmusik.de\/index.php\/preisinfo\/\" \/>\n<meta property=\"og:site_name\" content=\"cbmusik\" \/>\n<meta property=\"article:modified_time\" content=\"2026-04-04T11:20:30+00:00\" \/>\n<meta name=\"twitter:card\" content=\"summary_large_image\" \/>\n<meta name=\"twitter:label1\" content=\"Gesch\u00e4tzte Lesezeit\" \/>\n\t<meta name=\"twitter:data1\" content=\"2\u00a0Minuten\" \/>\n<script type=\"application\/ld+json\" class=\"yoast-schema-graph\">{\"@context\":\"https:\\\/\\\/schema.org\",\"@graph\":[{\"@type\":\"WebPage\",\"@id\":\"https:\\\/\\\/cbmusik.de\\\/index.php\\\/preisinfo\\\/\",\"url\":\"https:\\\/\\\/cbmusik.de\\\/index.php\\\/preisinfo\\\/\",\"name\":\"Preisinfo - cbmusik\",\"isPartOf\":{\"@id\":\"https:\\\/\\\/cbmusik.de\\\/#website\"},\"datePublished\":\"2026-04-04T11:17:11+00:00\",\"dateModified\":\"2026-04-04T11:20:30+00:00\",\"breadcrumb\":{\"@id\":\"https:\\\/\\\/cbmusik.de\\\/index.php\\\/preisinfo\\\/#breadcrumb\"},\"inLanguage\":\"de\",\"potentialAction\":[{\"@type\":\"ReadAction\",\"target\":[\"https:\\\/\\\/cbmusik.de\\\/index.php\\\/preisinfo\\\/\"]}]},{\"@type\":\"BreadcrumbList\",\"@id\":\"https:\\\/\\\/cbmusik.de\\\/index.php\\\/preisinfo\\\/#breadcrumb\",\"itemListElement\":[{\"@type\":\"ListItem\",\"position\":1,\"name\":\"Startseite\",\"item\":\"https:\\\/\\\/cbmusik.de\\\/\"},{\"@type\":\"ListItem\",\"position\":2,\"name\":\"Preisinfo\"}]},{\"@type\":\"WebSite\",\"@id\":\"https:\\\/\\\/cbmusik.de\\\/#website\",\"url\":\"https:\\\/\\\/cbmusik.de\\\/\",\"name\":\"cbmusik\",\"description\":\"Pianist, Arrangeur, Komponist\",\"potentialAction\":[{\"@type\":\"SearchAction\",\"target\":{\"@type\":\"EntryPoint\",\"urlTemplate\":\"https:\\\/\\\/cbmusik.de\\\/?s={search_term_string}\"},\"query-input\":{\"@type\":\"PropertyValueSpecification\",\"valueRequired\":true,\"valueName\":\"search_term_string\"}}],\"inLanguage\":\"de\"}]}<\/script>\n<!-- \/ Yoast SEO plugin. -->","yoast_head_json":{"title":"Preisinfo - cbmusik","robots":{"index":"index","follow":"follow","max-snippet":"max-snippet:-1","max-image-preview":"max-image-preview:large","max-video-preview":"max-video-preview:-1"},"canonical":"https:\/\/cbmusik.de\/index.php\/preisinfo\/","og_locale":"de_DE","og_type":"article","og_title":"Preisinfo - cbmusik","og_description":"Der Pianist Christoph Berghorn kostet \u2026 Je nach Zeitrahmen, Entfernung und Aufwand ergibt sich der konkrete Preis eines Engagements. IchContinue readingPreisinfo","og_url":"https:\/\/cbmusik.de\/index.php\/preisinfo\/","og_site_name":"cbmusik","article_modified_time":"2026-04-04T11:20:30+00:00","twitter_card":"summary_large_image","twitter_misc":{"Gesch\u00e4tzte Lesezeit":"2\u00a0Minuten"},"schema":{"@context":"https:\/\/schema.org","@graph":[{"@type":"WebPage","@id":"https:\/\/cbmusik.de\/index.php\/preisinfo\/","url":"https:\/\/cbmusik.de\/index.php\/preisinfo\/","name":"Preisinfo - cbmusik","isPartOf":{"@id":"https:\/\/cbmusik.de\/#website"},"datePublished":"2026-04-04T11:17:11+00:00","dateModified":"2026-04-04T11:20:30+00:00","breadcrumb":{"@id":"https:\/\/cbmusik.de\/index.php\/preisinfo\/#breadcrumb"},"inLanguage":"de","potentialAction":[{"@type":"ReadAction","target":["https:\/\/cbmusik.de\/index.php\/preisinfo\/"]}]},{"@type":"BreadcrumbList","@id":"https:\/\/cbmusik.de\/index.php\/preisinfo\/#breadcrumb","itemListElement":[{"@type":"ListItem","position":1,"name":"Startseite","item":"https:\/\/cbmusik.de\/"},{"@type":"ListItem","position":2,"name":"Preisinfo"}]},{"@type":"WebSite","@id":"https:\/\/cbmusik.de\/#website","url":"https:\/\/cbmusik.de\/","name":"cbmusik","description":"Pianist, Arrangeur, Komponist","potentialAction":[{"@type":"SearchAction","target":{"@type":"EntryPoint","urlTemplate":"https:\/\/cbmusik.de\/?s={search_term_string}"},"query-input":{"@type":"PropertyValueSpecification","valueRequired":true,"valueName":"search_term_string"}}],"inLanguage":"de"}]}},"_links":{"self":[{"href":"https:\/\/cbmusik.de\/index.php\/wp-json\/wp\/v2\/pages\/406","targetHints":{"allow":["GET"]}}],"collection":[{"href":"https:\/\/cbmusik.de\/index.php\/wp-json\/wp\/v2\/pages"}],"about":[{"href":"https:\/\/cbmusik.de\/index.php\/wp-json\/wp\/v2\/types\/page"}],"author":[{"embeddable":true,"href":"https:\/\/cbmusik.de\/index.php\/wp-json\/wp\/v2\/users\/1"}],"replies":[{"embeddable":true,"href":"https:\/\/cbmusik.de\/index.php\/wp-json\/wp\/v2\/comments?post=406"}],"version-history":[{"count":3,"href":"https:\/\/cbmusik.de\/index.php\/wp-json\/wp\/v2\/pages\/406\/revisions"}],"predecessor-version":[{"id":411,"href":"https:\/\/cbmusik.de\/index.php\/wp-json\/wp\/v2\/pages\/406\/revisions\/411"}],"wp:attachment":[{"href":"https:\/\/cbmusik.de\/index.php\/wp-json\/wp\/v2\/media?parent=406"}],"curies":[{"name":"wp","href":"https:\/\/api.w.org\/{rel}","templated":true}]}}